r of 38527945 and 71110?
2735
Calculate the greatest common divisor of 67680 and 226650168.
3384
What is the highest common divisor of 1112 and 453001?
139
Calculate the highest common divisor of 1282234 and 25994.
82
Calculate the highest common divisor of 10307860 and 207920.
2260
Calculate the highest common divisor of 283936 and 6368.
32
Calculate the highest common divisor of 255 and 33225837.
51
Calculate the highest common factor of 11552 and 895280.
5776
Calculate the greatest common factor of 42 and 122392032.
42
Calculate the greatest common factor of 56763 and 47916081.
8109
Calculate the greatest common factor of 3074 and 326841513.
1537
Calculate the highest common divisor of 980099 and 30659.
989
What is the highest common factor of 28116256 and 18848?
992
What is the highest common factor of 32 and 2555552?
32
What is the greatest common factor of 6342700 and 18900?
700
Calculate the highest common factor of 252 and 125132.
28
What is the greatest common factor of 333 and 553320?
9
What is the greatest common factor of 11286065 and 70?
35
What is the highest common divisor of 1372 and 63769874?
686
Calculate the greatest common divisor of 275040 and 18432.
288
What is the greatest common factor of 1145976 and 18?
6
What is the highest common factor of 13 and 6853834?
13
What is the greatest common factor of 570 and 9951915?
285
Calculate the highest common divisor of 10855 and 66984535.
835
What is the highest common factor of 898 and 27661543?
449
What is the highest common factor of 800 and 1218775?
25
What is the greatest common divisor of 301 and 2697863?
301
Calculate the highest common factor of 4725513162 and 69.
69
What is the greatest common divisor of 20071933 and 2471?
2471
What is the highest common divisor of 29934 and 31869?
9
What is the greatest common divisor of 8146716 and 10426?
802
Calculate the highest common factor of 4225 and 252325.
25
Calculate the greatest common factor of 828570 and 2898930.
2130
What is the greatest common divisor of 168747139 and 5841?
649
Calculate the highest common divisor of 4247 and 1313556.
137
Calculate the greatest common factor of 1408 and 6486898.
22
Calculate the greatest common divisor of 1080 and 1156992.
24
Calculate the highest common divisor of 231 and 50460949.
77
Calculate the greatest common divisor of 1912 and 13671517.
239
What is the highest common divisor of 39 and 26601419?
13
Calculate the highest common factor of 10 and 11575535.
5
Calculate the highest common factor of 12296 and 24310729.
1537
What is the highest common divisor of 1640 and 28640878?
82
Calculate the greatest common factor of 240 and 173785800.
120
Calculate the highest common divisor of 252891001 and 44.
11
Calculate the greatest common factor of 52549650 and 450.
450
Calculate the highest common divisor of 1766937 and 145245.
1263
What is the highest common factor of 1670847 and 40638?
1563
What is the highest common divisor of 4633 and 4916884?
41
What is the greatest common divisor of 213917 and 5269?
11
What is the greatest common factor of 180 and 51948380?
20
What is the greatest common factor of 4243157 and 1929?
643
Calculate the greatest common divisor of 4652226 and 1444114.
2318
What is the greatest common factor of 56355862 and 418?
38
Calculate the greatest common factor of 3487 and 4326982.
11
What is the greatest common divisor of 3059641 and 3263?
13
Calculate the highest common factor of 102493160 and 21560.
3080
Calculate the highest common factor of 108 and 10858050.
54
What is the greatest common factor of 2038240305 and 2115?
2115
What is the highest common factor of 22868051 and 79?
79
Calculate the highest common divisor of 4811615 and 97395.
755
What is the highest common factor of 1807447 and 1136?
71
Calculate the highest common factor of 459643 and 53213.
419
What is the greatest common divisor of 135 and 383610?
15
Calculate the highest common divisor of 5982 and 6018.
6
What is the greatest common factor of 45216256 and 5637?
1879
What is the highest common divisor of 20458715 and 2085?
695
What is the greatest common factor of 191432078 and 530?
106
Calculate the greatest common divisor of 9587197 and 1063.
1063
What is the greatest common factor of 31360 and 24353?
49
Calculate the greatest common divisor of 42500 and 676875.
625
What is the greatest common divisor of 36067936 and 32?
32
What is the highest common factor of 1438776 and 4563?
27
What is the highest common factor of 3056 and 26749168?
3056
What is the highest common divisor of 86565 and 7758015?
2985
Calculate the greatest common divisor of 1824 and 558368.
32
What is the highest common divisor of 73738 and 3430?
14
What is the greatest common divisor of 297706578 and 234?
78
What is the greatest common factor of 1297024 and 3632?
16
Calculate the highest common factor of 686175 and 525.
525
Calculate the highest common factor of 2433604 and 20.
4
Calculate the highest common factor of 398805048 and 3784.
344
What is the greatest common divisor of 2088486 and 36?
18
What is the greatest common divisor of 1791480 and 120?
120
Calculate the highest common divisor of 38412309 and 39.
39
Calculate the highest common factor of 806382 and 21037.
109
Calculate the highest common divisor of 4199 and 3256877.
221
What is the greatest common factor of 1393 and 189084?
7
What is the greatest common factor of 48 and 1208896?
16
What is the greatest common factor of 2295 and 2380017?
51
Calculate the highest common factor of 41730670 and 30.
10
What is the highest common factor of 9559 and 2616559?
869
Calculate the highest common factor of 9880 and 1336960.
40
What is the greatest common factor of 2748 and 71388?
12
Calculate the greatest common divisor of 13734 and 1578865.
109
What is the greatest common factor of 1969 and 1351366049?
1969
What is the highest common divisor of 21120515 and 260?
65
Calculate the greatest common factor of 262363 and 2166300.
2407
What is the highest common divisor of 40760 and 15320?
40
What is the greatest common divisor of 167868 and 3084?
12
What is the highest common divisor of 2101 and 32095831?
191
What is the greatest common divisor of 444 and 5775552?
444
What is the greatest common factor of 3044 and 57678473?
761
What is the greatest common divisor of 4388955 and 30805?
505
Calculate the highest common divisor of 1115091 and 79325.
19
What is the highest common factor of 72 and 713544384?
24
Calculate the highest common divisor of 30852588 and 156.
156
Calculate the greatest common factor of 12490192 and 43725.
583
Calculate the greatest common divisor of 22169349 and 27.
27
What is the highest common factor of 26521 and 5665?
11
Calculate the greatest common divisor of 4290 and 97142370.
390
Calculate the highest common factor of 662 and 2327923.
331
What is the greatest common factor of 272 and 23146520?
136
Calculate the highest common divisor of 74910 and 51945.
15
What is the greatest common divisor of 396 and 6930132?
132
Calculate the highest common divisor of 673308834 and 174.
174
Calculate the greatest common factor of 605379935 and 775.
155
What is the highest common divisor of 7752 and 1026?
114
What is the greatest common factor of 220 and 8680804?
44
What is the highest common factor of 2288493 and 437?
19
What is the greatest common divisor of 1145 and 9798223?
229
What is the highest common divisor of 264154 and 7843?
11
What is the greatest common factor of 97572611 and 3050?
61
Calculate the highest common divisor of 370 and 193696480.
370
Calculate the highest common factor of 422475 and 112740.
15
What is the highest common factor of 52569 and 54021?
33
Calculate the greatest common divisor of 396 and 75936330.
18
Calculate the highest common divisor of 90 and 855936315.
45
Calculate the highest common factor of 98935 and 3963715.
2105
Calculate the highest common factor of 3666 and 553989.
141
What is the highest common divisor of 10 and 14537075?
5
Calculate the greatest common divisor of 20075388 and 24.
12
What is the highest common divisor of 21950 and 39055?
5
Calculate the greatest common factor of 10135 and 26405.
5
What is the greatest common divisor of 33160 and 66742790?
8290
Calculate the highest common factor of 21893382 and 2